 when 92815 is divided by 46383.
49
Calculate the remainder when 3912365 is divided by 6925.
6665
Calculate the remainder when 11317 is divided by 895.
577
Calculate the remainder when 4307185 is divided by 1076794.
9
What is the remainder when 5027155 is divided by 59143?
0
What is the remainder when 135771 is divided by 1676?
15
What is the remainder when 307089 is divided by 183?
15
What is the remainder when 779279 is divided by 2159?
2039
What is the remainder when 47939 is divided by 11184?
3203
Calculate the remainder when 949135 is divided by 2755.
1415
What is the remainder when 452461 is divided by 18091?
186
What is the remainder when 30636 is divided by 30231?
405
What is the remainder when 882035 is divided by 111?
29
What is the remainder when 2792533 is divided by 155?
53
What is the remainder when 105065491 is divided by 114?
13
What is the remainder when 87733 is divided by 405?
253
What is the remainder when 32836 is divided by 2014?
612
What is the remainder when 6064953 is divided by 42411?
180
Calculate the remainder when 134974075 is divided by 179.
20
What is the remainder when 79605678 is divided by 88?
86
What is the remainder when 50497 is divided by 607?
116
What is the remainder when 5198660 is divided by 561?
434
Calculate the remainder when 15293686 is divided by 440.
166
What is the remainder when 2738156 is divided by 197?
53
What is the remainder when 2538048 is divided by 54001?
1
Calculate the remainder when 884670 is divided by 176922.
60
What is the remainder when 6874570 is divided by 509?
16
What is the remainder when 12532606 is divided by 2838?
2836
Calculate the remainder when 1225450 is divided by 2736.
2458
Calculate the remainder when 6523359 is divided by 815418.
15
Calculate the remainder when 1911175 is divided by 181.
177
What is the remainder when 159635 is divided by 2046?
47
Calculate the remainder when 16821 is divided by 2686.
705
Calculate the remainder when 1454209 is divided by 363512.
161
What is the remainder when 2879225 is divided by 2879105?
120
Calculate the remainder when 4509959 is divided by 1820.
1819
What is the remainder when 6448297 is divided by 76?
1
Calculate the remainder when 56587494 is divided by 5.
4
What is the remainder when 11263679 is divided by 288?
287
What is the remainder when 2395300 is divided by 119762?
60
What is the remainder when 518832 is divided by 172840?
312
What is the remainder when 94227488 is divided by 1308715?
8
Calculate the remainder when 400285 is divided by 94.
33
What is the remainder when 21923 is divided by 5471?
39
Calculate the remainder when 14501043 is divided by 4833674.
21
Calculate the remainder when 4356255 is divided by 30043.
20
Calculate the remainder when 30722192 is divided by 15361077.
38
What is the remainder when 490422 is divided by 1102?
32
What is the remainder when 36715762 is divided by 215?
212
What is the remainder when 2103865 is divided by 9514?
1271
Calculate the remainder when 63880 is divided by 1427.
1092
What is the remainder when 56712 is divided by 2148?
864
Calculate the remainder when 60849 is divided by 4959.
1341
Calculate the remainder when 212562 is divided by 1811.
675
Calculate the remainder when 38760 is divided by 9300.
1560
What is the remainder when 1330690 is divided by 95049?
4
What is the remainder when 92123 is divided by 11509?
51
What is the remainder when 24985 is divided by 6178?
273
Calculate the remainder when 10715 is divided by 148.
59
What is the remainder when 928298 is divided by 2411?
63
What is the remainder when 11920303 is divided by 181?
5
Calculate the remainder when 14722 is divided by 12348.
2374
What is the remainder when 939466 is divided by 187576?
1586
What is the remainder when 3247136 is divided by 724?
720
Calculate the remainder when 3605120 is divided by 704.
640
Calculate the remainder when 1399148 is divided by 6538.
16
Calculate the remainder when 758231 is divided by 273.
110
What is the remainder when 4991244 is divided by 3241?
104
What is the remainder when 3344678 is divided by 1672255?
168
Calculate the remainder when 834330 is divided by 9809.
565
What is the remainder when 2163825 is divided by 360635?
15
Calculate the remainder when 3230412 is divided by 461465.
157
What is the remainder when 564827 is divided by 402?
17
Calculate the remainder when 14709 is divided by 3221.
1825
What is the remainder when 3983045 is divided by 1342?
1331
What is the remainder when 3028 is divided by 423?
67
What is the remainder when 6751331 is divided by 397137?
2
Calculate the remainder when 96209543 is divided by 73.
69
Calculate the remainder when 492650 is divided by 73.
46
Calculate the remainder when 65979 is divided by 55831.
10148
Calculate the remainder when 543761 is divided by 18750.
11
What is the remainder when 47334058 is divided by 1164?
1162
Calculate the remainder when 12908140 is divided by 15.
10
What is the remainder when 212647 is divided by 212604?
43
Calculate the remainder when 6369990 is divided by 2123242.
264
What is the remainder when 20618362 is divided by 15017?
21
What is the remainder when 927081 is divided by 28093?
12
Calculate the remainder when 2219727 is divided by 42687.
3
What is the remainder when 151639941 is divided by 629?
621
What is the remainder when 42439 is divided by 7068?
31
Calculate the remainder when 633293 is divided by 1508.
1441
Calculate the remainder when 169879 is divided by 15477.
15109
What is the remainder when 196265 is divided by 187?
102
Calculate the remainder when 18078069 is divided by 980.
9
Calculate the remainder when 49173379 is divided by 12839.
9
What is the remainder when 664449 is divided by 424?
41
What is the remainder when 9934713 is divided by 835?
718
What is the remainder when 372078621 is divided by 37?
35
What is the remainder when 21918507 is divided by 308?
303
What is the remainder when 490805254 is divided by 1164?
1162
Calculate the remainder when 2904105 is divided by 139.
117
Calculate the remainder when 61725 is divided by 61556.
169
What is the remainder when 3312531 is divided by 114225?
6
What is the remainder when 596163 is divided by 198628?
279
What is the remainder when 3289308 is divided by 2509?
9
Calculate the remainder when 208564 is divided by 679.
111
Calculate the remainder when 16226444 is divided by 39.
26
Calculate the remainder when 49846 is divided by 4516.
170
What is the remainder when 2588764 is divided by 1692?
4
What is the remainder when 12779069 is divided by 2214?
2075
Calculate the remainder when 3249789 is divided by 253.
4
What is the remainder when 77992 is divided by 59?
53
Calculate the remainder when 29335 is divided by 412.
83
What is the remainder when 28026112 is divided by 176?
48
Calculate the remainder when 19807 is divided by 3657.
1522
What is the remainder when 35085343 is divided by 348?
331
Calculate the remainder when 64208 is divided by 998.
336
Calculate the remainder when 15892405 is divided by 26.
9
What is the remainder when 11661153 is divided by 69411?
105
Calculate the remainder when 1009285 is divided by 1908.
1861
What is the remainder when 4197942 is divided by 629?
625
Calculate the remainder when 22400513 is divided by 28355.
63
Calculate the remainder when 2444817 is divided by 1222341.
135
What is the remainder when 42679 is divided by 12814?
4237
What is the remainder when 190804 is divided by 19080?
4
What is the remainder when 4913384 is divided by 456?
440
What is the remainder when 2719632 is divided by 2736?
48
Calculate the remainder when 397384 is divided by 129362.
9298
Calculate the remainder when 31632 is divided by 5123.
894
What is the remainder when 7631708 is divided by 70014?
182
What is the remainder when 2040651 is divided by 285?
51
What is the remainder when 1292556 is divided by 4014?
48
Calculate the remainder when 3794051 is divided by 7.
2
What is the remainder when 3652352 is divided by 231?
11
What is the remainder when 15213 is divided by 694?
639
Calculate the remainder when 251522 is divided by 41911.
56
What is the remainder when 95795164 is divided by 95795162?
2
What is the remainder when 2310983 is divided by 35?
3
What is the remainder when 11451969 is divided by 1272441?
0
Wh